{"id":874,"date":"2020-05-07T15:42:43","date_gmt":"2020-05-07T15:42:43","guid":{"rendered":"http:\/\/siproi.com.ar\/sitio\/?post_type=product&#038;p=874"},"modified":"2024-02-28T20:19:11","modified_gmt":"2024-02-28T20:19:11","slug":"electrobombas-centrifugas","status":"publish","type":"product","link":"http:\/\/siproi.com.ar\/sitio\/product\/electrobombas-centrifugas\/","title":{"rendered":"Electrobombas centr\u00edfugas"},"content":{"rendered":"<p>Electrobombas centr\u00edfugas con conexi\u00f3n de aspiraci\u00f3n axial, un puerto de descarga radial y un eje horizontal. Acoplamiento cerrado o abierto, cuyas dimensiones principales<\/p>\n","protected":false},"excerpt":{"rendered":"<p>Electrobombas centr\u00edfugas con conexi\u00f3n de aspiraci\u00f3n axial, un puerto de descarga radial y un eje horizontal. Acoplamiento cerrado o abierto, cuyas dimensiones principales<\/p>\n","protected":false},"featured_media":875,"comment_status":"open","ping_status":"closed","template":"","meta":{"iawp_total_views":89},"product_brand":[],"product_cat":[63,59],"product_tag":[],"class_list":{"0":"post-874","1":"product","2":"type-product","3":"status-publish","4":"has-post-thumbnail","6":"product_cat-bombas","7":"product_cat-extincion","9":"first","10":"instock","11":"shipping-taxable","12":"product-type-simple"},"_links":{"self":[{"href":"http:\/\/siproi.com.ar\/sitio\/wp-json\/wp\/v2\/product\/874","targetHints":{"allow":["GET"]}}],"collection":[{"href":"http:\/\/siproi.com.ar\/sitio\/wp-json\/wp\/v2\/product"}],"about":[{"href":"http:\/\/siproi.com.ar\/sitio\/wp-json\/wp\/v2\/types\/product"}],"replies":[{"embeddable":true,"href":"http:\/\/siproi.com.ar\/sitio\/wp-json\/wp\/v2\/comments?post=874"}],"wp:featuredmedia":[{"embeddable":true,"href":"http:\/\/siproi.com.ar\/sitio\/wp-json\/wp\/v2\/media\/875"}],"wp:attachment":[{"href":"http:\/\/siproi.com.ar\/sitio\/wp-json\/wp\/v2\/media?parent=874"}],"wp:term":[{"taxonomy":"product_brand","embeddable":true,"href":"http:\/\/siproi.com.ar\/sitio\/wp-json\/wp\/v2\/product_brand?post=874"},{"taxonomy":"product_cat","embeddable":true,"href":"http:\/\/siproi.com.ar\/sitio\/wp-json\/wp\/v2\/product_cat?post=874"},{"taxonomy":"product_tag","embeddable":true,"href":"http:\/\/siproi.com.ar\/sitio\/wp-json\/wp\/v2\/product_tag?post=874"}],"curies":[{"name":"wp","href":"https:\/\/api.w.org\/{rel}","templated":true}]}}